98?
2, 13, 36073
List the prime factors of 9180751.
9180751
List the prime factors of 2866983.
3, 7, 136523
List the prime factors of 715897.
7, 13, 7867
What are the prime factors of 196320?
2, 3, 5, 409
What are the prime factors of 34085883?
3, 13, 41, 21317
List the prime factors of 635363.
635363
What are the prime factors of 1241225?
5, 131, 379
What are the prime factors of 328332?
2, 3, 27361
List the prime factors of 4451669.
109, 40841
List the prime factors of 283366.
2, 19, 7457
List the prime factors of 9262.
2, 11, 421
List the prime factors of 135089.
135089
List the prime factors of 665071.
11, 103, 587
What are the prime factors of 13937852?
2, 353, 9871
What are the prime factors of 12888417?
3, 71, 60509
List the prime factors of 58528.
2, 31, 59
List the prime factors of 7772965.
5, 23, 257, 263
What are the prime factors of 721698?
2, 3, 120283
What are the prime factors of 3245214?
2, 3, 7, 77267
What are the prime factors of 966895?
5, 193379
List the prime factors of 16753148.
2, 151, 27737
List the prime factors of 950331.
3, 316777
What are the prime factors of 86155?
5, 17231
What are the prime factors of 853310?
2, 5, 85331
List the prime factors of 5902609.
5902609
List the prime factors of 20392263.
3, 19, 127, 313
List the prime factors of 1077827.
1077827
What are the prime factors of 880313?
7, 67, 1877
What are the prime factors of 1086192?
2, 3, 19, 397
What are the prime factors of 234849?
3, 78283
What are the prime factors of 1111410?
2, 3, 5, 53, 233
List the prime factors of 1023489.
3, 37907
List the prime factors of 843120.
2, 3, 5, 1171
List the prime factors of 25809346.
2, 12904673
What are the prime factors of 51338?
2, 7, 19, 193
What are the prime factors of 2955150?
2, 3, 5, 11, 199
List the prime factors of 405470.
2, 5, 13, 3119
What are the prime factors of 8097962?
2, 739, 5479
List the prime factors of 6913488.
2, 3, 144031
List the prime factors of 5460108.
2, 3, 23, 73, 271
List the prime factors of 117733.
7, 11, 139
List the prime factors of 415630.
2, 5, 89, 467
What are the prime factors of 3072904?
2, 384113
What are the prime factors of 446142?
2, 3, 74357
List the prime factors of 3051022.
2, 13, 43, 2729
List the prime factors of 2402478.
2, 3, 13, 10267
List the prime factors of 12522201.
3, 73, 57179
List the prime factors of 1680446.
2, 840223
List the prime factors of 6996548.
2, 13, 157, 857
List the prime factors of 30020466.
2, 3, 7, 714773
What are the prime factors of 5943520?
2, 5, 11, 307
What are the prime factors of 131839?
131839
List the prime factors of 3489620.
2, 5, 174481
What are the prime factors of 1762708?
2, 440677
What are the prime factors of 27590674?
2, 3119, 4423
What are the prime factors of 298262?
2, 19, 47, 167
What are the prime factors of 796707?
3, 88523
What are the prime factors of 875359?
71, 12329
What are the prime factors of 534450?
2, 3, 5, 7, 509
What are the prime factors of 571266?
2, 3, 71, 149
List the prime factors of 112100.
2, 5, 19, 59
What are the prime factors of 1452008?
2, 181501
What are the prime factors of 16338119?
7, 19, 23, 109
List the prime factors of 851492.
2, 212873
List the prime factors of 394775.
5, 15791
List the prime factors of 345797.
17, 20341
What are the prime factors of 824671?
824671
What are the prime factors of 1901132?
2, 475283
What are the prime factors of 4325139?
3, 7, 13, 5281
What are the prime factors of 457533?
3, 29, 1753
What are the prime factors of 2361528?
2, 3, 13, 29
What are the prime factors of 8122226?
2, 7, 17, 34127
List the prime factors of 25535.
5, 5107
What are the prime factors of 1258381?
97, 12973
List the prime factors of 661973.
13, 3917
What are the prime factors of 34969115?
5, 6993823
List the prime factors of 652695.
3, 5, 53, 821
List the prime factors of 3060728.
2, 11, 34781
List the prime factors of 882916.
2, 103, 2143
List the prime factors of 2085125.
5, 7, 2383
What are the prime factors of 815284?
2, 203821
List the prime factors of 409212.
2, 3, 421
List the prime factors of 480280.
2, 5, 12007
What are the prime factors of 156913?
156913
List the prime factors of 2235543.
3, 745181
What are the prime factors of 11783577?
3, 13, 302143
What are the prime factors of 331794?
2, 3, 18433
What are the prime factors of 212222?
2, 29, 3659
List the prime factors of 5792338.
2, 107, 27067
What are the prime factors of 5503092?
2, 3, 7, 191
What are the prime factors of 369706?
2, 31, 67, 89
What are the prime factors of 128518?
2, 13, 4943
What are the prime factors of 224010?
2, 3, 5, 19, 131
What are the prime factors of 217243?
13, 17, 983
List the prime factors of 203126.
2, 7, 11, 1319
List the prime factors of 2648994.
2, 3, 441499
What are the prime factors of 730154?
2, 181, 2017
What are the prime factors of 883275?
3, 5, 11777
List the prime factors of 5590767.
3, 7, 13, 20479
What are the prime factors of 169441?
23, 53, 139
List the prime factors of 1633422.
2, 3, 7, 38891
List the prime factors of 239721.
3, 79907
List the prime factors of 360168.
2, 3, 43, 349
List the prime factors of 414551.
41, 10111
List the prime factors of 1510997.
193, 7829
List the prime factors of 460102.
2, 31, 41, 181
List the prime factors of 261390.
2, 3, 5, 8713
What are the prime factors of 501345?
3, 5, 13, 857
What are the prime factors of 1294721?
1294721
List the prime factors of 90205.
5, 18041
What are the prime factors of 275828?
2, 7, 9851
What are the prime factors of 1855216?
2, 11, 83, 127
What are the prime factors of 158062?
2, 79031
List the prime factors of 10592762.
2, 31, 170851
List the prime factors of 437426.
2, 11, 59, 337
What are the prime factors of 11334433?
11, 283, 331
List the prime factors of 34797.
3, 7, 1657
What are the prime factors of 748783?
7, 41, 2609
What are the prime factors of 406401?
3, 135467
List the prime factors of 182683.
31, 71, 83
List the prime factors of 106287.
3, 71, 499
What are the prime factors of 197631?
3, 7, 3137
What are the prime factors of 537426?
2, 3, 73, 409
List the prime factors of 1882988.
2, 17, 27691
What are the prime factors of 31343985?
3, 5, 696533
What are the prime factors of 479342?
2, 239671
What are the prime factors of 34762709?
34762709
List the prime factors of 747337.
17, 43961
List the prime factors of 658663.
658663
List the prime factors of 27417792.
2, 3, 61, 2341
What are the prime factors of 321480?
2, 3, 5, 19, 47
What are the prime factors of 102099?
3, 34033
List the prime factors of 5041.
71
What are the prime factors of 529145?
5, 105829
What are the prime factors of 844118?
2, 11, 17, 37, 61
What are the prime factors of 308426?
2, 154213
What are the prime factors of 150290?
2, 5, 7, 19, 113
List the prime factors of 97125.
3, 5, 7, 37
List the prime factors of 12424893.
3, 13, 31, 43, 239
List the prime factors of 610987.
13, 43, 1093
List the prime factors of 2488902.
2, 3, 13, 17, 1877
What are the prime factors of 2529901?
11, 349, 659
What are the prime factors of 284396?
2, 7, 1451
What are the prime factors of 1433082?
2, 3, 7, 149, 229
List the prime factors of 965656.
2, 19, 6353
List the prime factors of 2658863.
2658863
List the prime factors of 159724.
2, 73, 547
What are the prime factors of 31947382?
2, 15973691
What are the prime factors of 704971?
31, 22741
List the prime factors of 4260969.
3, 473441
What are the prime factors of 299336?
2, 17, 31, 71
What are the prime factors of 101246?
2, 23, 31, 71
List the prime factors of 2458216.
2, 307277
What are the prime factors of 2167081?
7, 309583
List the prime factors of 175704.
2, 3, 7321
List the prime factors of 1054444.
2, 263611
What are the prime factors of 508976?
2, 13, 2447
What are the prime factors of 14002751?
7, 2000393
List the prime factors of 1173392.
2, 11, 59, 113
List the prime factors of 5868823.
1063, 5521
List the prime factors of 743728.
2, 23, 43, 47
What are the prime factors of 172551?
3, 113, 509
What are the prime factors of 1716987?
3, 572329
What are the prime factors of 593165?
5, 118633
What are the prime factors of 767042?
2, 383521
What are the prime factors of 8203913?
79, 113, 919
List the prime factors of 6895183.
17, 405599
List the prime factors of 146282.
2, 73141
L